{"id":564,"date":"2022-11-05T18:10:14","date_gmt":"2022-11-05T17:10:14","guid":{"rendered":"https:\/\/www.chironetfils.fr\/?page_id=564"},"modified":"2024-03-21T19:41:25","modified_gmt":"2024-03-21T18:41:25","slug":"fides-a-la-savoyard","status":"publish","type":"page","link":"https:\/\/www.chironetfils.fr\/index.php\/nos-recettes\/fides-a-la-savoyard\/","title":{"rendered":"Fid\u00e9s \u00e0 la savoyarde"},"content":{"rendered":"\t\t<div data-elementor-type=\"wp-page\" data-elementor-id=\"564\" class=\"elementor elementor-564\">\n\t\t\t\t\t\t<section class=\"elementor-section elementor-top-section elementor-element elementor-element-86686d4 elementor-section-boxed elementor-section-height-default elementor-section-height-default\" data-id=\"86686d4\" data-element_type=\"section\" data-e-type=\"section\">\n\t\t\t\t\t\t<div class=\"elementor-container elementor-column-gap-default\">\n\t\t\t\t\t<div class=\"elementor-column elementor-col-100 elementor-top-column elementor-element elementor-element-996c4da\" data-id=\"996c4da\" data-element_type=\"column\" data-e-type=\"column\">\n\t\t\t<div class=\"elementor-widget-wrap elementor-element-populated\">\n\t\t\t\t\t\t<div class=\"elementor-element elementor-element-62a8f0f elementor-widget elementor-widget-image\" data-id=\"62a8f0f\" data-element_type=\"widget\" data-e-type=\"widget\" data-widget_type=\"image.default\">\n\t\t\t\t<div class=\"elementor-widget-container\">\n\t\t\t\t\t\t\t\t\t\t\t\t\t\t\t<img fetchpriority=\"high\" decoding=\"async\" width=\"604\" height=\"805\" src=\"https:\/\/www.chironetfils.fr\/wp-content\/uploads\/2022\/11\/fide-embiance-1-768x1024.jpg\" class=\"attachment-large size-large wp-image-566\" alt=\"\" srcset=\"https:\/\/www.chironetfils.fr\/wp-content\/uploads\/2022\/11\/fide-embiance-1-768x1024.jpg 768w, https:\/\/www.chironetfils.fr\/wp-content\/uploads\/2022\/11\/fide-embiance-1-225x300.jpg 225w, https:\/\/www.chironetfils.fr\/wp-content\/uploads\/2022\/11\/fide-embiance-1-1152x1536.jpg 1152w, https:\/\/www.chironetfils.fr\/wp-content\/uploads\/2022\/11\/fide-embiance-1-1536x2048.jpg 1536w, https:\/\/www.chironetfils.fr\/wp-content\/uploads\/2022\/11\/fide-embiance-1-scaled.jpg 1920w\" sizes=\"(max-width: 604px) 100vw, 604px\" \/>\t\t\t\t\t\t\t\t\t\t\t\t\t\t\t<\/div>\n\t\t\t\t<\/div>\n\t\t\t\t\t<\/div>\n\t\t<\/div>\n\t\t\t\t\t<\/div>\n\t\t<\/section>\n\t\t\t\t<section class=\"elementor-section elementor-top-section elementor-element elementor-element-db817ca elementor-section-boxed elementor-section-height-default elementor-section-height-default\" data-id=\"db817ca\" data-element_type=\"section\" data-e-type=\"section\">\n\t\t\t\t\t\t<div class=\"elementor-container elementor-column-gap-default\">\n\t\t\t\t\t<div class=\"elementor-column elementor-col-100 elementor-top-column elementor-element elementor-element-88dd247\" data-id=\"88dd247\" data-element_type=\"column\" data-e-type=\"column\">\n\t\t\t<div class=\"elementor-widget-wrap elementor-element-populated\">\n\t\t\t\t\t\t<div class=\"elementor-element elementor-element-27c5c7f elementor-widget elementor-widget-heading\" data-id=\"27c5c7f\" data-element_type=\"widget\" data-e-type=\"widget\" data-widget_type=\"heading.default\">\n\t\t\t\t<div class=\"elementor-widget-container\">\n\t\t\t\t\t<h2 class=\"elementor-heading-title elementor-size-default\">Recette Fid\u00e9s \u00e0 la savoyarde<\/h2>\t\t\t\t<\/div>\n\t\t\t\t<\/div>\n\t\t\t\t\t<\/div>\n\t\t<\/div>\n\t\t\t\t\t<\/div>\n\t\t<\/section>\n\t\t\t\t<section class=\"elementor-section elementor-top-section elementor-element elementor-element-37cb839 elementor-section-boxed elementor-section-height-default elementor-section-height-default\" data-id=\"37cb839\" data-element_type=\"section\" data-e-type=\"section\">\n\t\t\t\t\t\t<div class=\"elementor-container elementor-column-gap-default\">\n\t\t\t\t\t<div class=\"elementor-column elementor-col-100 elementor-top-column elementor-element elementor-element-65e72fc\" data-id=\"65e72fc\" data-element_type=\"column\" data-e-type=\"column\">\n\t\t\t<div class=\"elementor-widget-wrap elementor-element-populated\">\n\t\t\t\t\t\t<div class=\"elementor-element elementor-element-6ab0979 elementor-widget elementor-widget-text-editor\" data-id=\"6ab0979\" data-element_type=\"widget\" data-e-type=\"widget\" data-widget_type=\"text-editor.default\">\n\t\t\t\t<div class=\"elementor-widget-container\">\n\t\t\t\t\t\t\t\t\t<p class=\"MsoNormal\">Ingr\u00e9dients (pour 3-4 personnes) : 350 g de gros<\/p><p class=\"MsoNormal\">vermicelles, 100 g d\u2019oignons, 1 gousses d\u2019ail, 100 g de beurre, 100 g<br \/>d\u2019emmental ou de beaufort, 750 ML de bouillon de l\u00e9gume (ou de volaille), sel,<br \/>poivre.<\/p><p class=\"MsoNormal\">Pr\u00e9paration : \u00c9plucher et \u00e9mincer les oignons, les faire revenir doucement dans le beurre, \u00e0 couvert au fond d\u2019une cocotte jusqu\u2019\u00e0 devenir translucide et l\u00e9g\u00e8rement roux. Puis verser les fid\u00e9s et faites-les roussir l\u00e9g\u00e8rement en les remuant de temps en temps. Incorporer l\u2019ail \u00e9pluch\u00e9 et pil\u00e9, puis le bouillon jusqu\u2019\u00e0 couvrir les fid\u00e9s. Saler, poivrer et laisser cuire en ajoutant au besoin du bouillon comme pour un risotto en remuant r\u00e9guli\u00e8rement. Lorsque les vermicelles ont absorb\u00e9 le bouillon, les servir dans un plat en y incorporant le fromage r\u00e2p\u00e9 gros. C\u2019est pr\u00eat.<\/p>\t\t\t\t\t\t\t\t<\/div>\n\t\t\t\t<\/div>\n\t\t\t\t\t<\/div>\n\t\t<\/div>\n\t\t\t\t\t<\/div>\n\t\t<\/section>\n\t\t\t\t<\/div>\n\t\t","protected":false},"excerpt":{"rendered":"<p>Recette Fid\u00e9s \u00e0 la savoyarde Ingr\u00e9dients (pour 3-4 personnes) : 350 g de gros vermicelles, 100 g d\u2019oignons, 1 gousses d\u2019ail, 100 g de beurre, 100 gd\u2019emmental ou de beaufort, 750 ML<\/p>\n<a class=\"moretag noptoppad\" href=\"https:\/\/www.chironetfils.fr\/index.php\/nos-recettes\/fides-a-la-savoyard\/\">Read More...<\/a>","protected":false},"author":3,"featured_media":0,"parent":440,"menu_order":0,"comment_status":"closed","ping_status":"closed","template":"","meta":{"footnotes":""},"class_list":["post-564","page","type-page","status-publish","hentry"],"_links":{"self":[{"href":"https:\/\/www.chironetfils.fr\/index.php\/wp-json\/wp\/v2\/pages\/564","targetHints":{"allow":["GET"]}}],"collection":[{"href":"https:\/\/www.chironetfils.fr\/index.php\/wp-json\/wp\/v2\/pages"}],"about":[{"href":"https:\/\/www.chironetfils.fr\/index.php\/wp-json\/wp\/v2\/types\/page"}],"author":[{"embeddable":true,"href":"https:\/\/www.chironetfils.fr\/index.php\/wp-json\/wp\/v2\/users\/3"}],"replies":[{"embeddable":true,"href":"https:\/\/www.chironetfils.fr\/index.php\/wp-json\/wp\/v2\/comments?post=564"}],"version-history":[{"count":20,"href":"https:\/\/www.chironetfils.fr\/index.php\/wp-json\/wp\/v2\/pages\/564\/revisions"}],"predecessor-version":[{"id":655,"href":"https:\/\/www.chironetfils.fr\/index.php\/wp-json\/wp\/v2\/pages\/564\/revisions\/655"}],"up":[{"embeddable":true,"href":"https:\/\/www.chironetfils.fr\/index.php\/wp-json\/wp\/v2\/pages\/440"}],"wp:attachment":[{"href":"https:\/\/www.chironetfils.fr\/index.php\/wp-json\/wp\/v2\/media?parent=564"}],"curies":[{"name":"wp","href":"https:\/\/api.w.org\/{rel}","templated":true}]}}