{"id":1068,"date":"2024-10-23T11:42:39","date_gmt":"2024-10-23T09:42:39","guid":{"rendered":"https:\/\/www.chironetfils.fr\/?page_id=1068"},"modified":"2025-05-15T15:38:17","modified_gmt":"2025-05-15T13:38:17","slug":"salade-de-rigaton-au-gorgonzola-poires-figues-et-noix","status":"publish","type":"page","link":"https:\/\/www.chironetfils.fr\/index.php\/nos-recettes\/salade-de-rigaton-au-gorgonzola-poires-figues-et-noix\/","title":{"rendered":"Salade de Rigaton au gorgonzola, poires, figues et noix."},"content":{"rendered":"\t\t<div data-elementor-type=\"wp-page\" data-elementor-id=\"1068\" class=\"elementor elementor-1068\">\n\t\t\t\t\t\t<section class=\"elementor-section elementor-top-section elementor-element elementor-element-9dde466 elementor-section-boxed elementor-section-height-default elementor-section-height-default\" data-id=\"9dde466\" data-element_type=\"section\" data-e-type=\"section\">\n\t\t\t\t\t\t<div class=\"elementor-container elementor-column-gap-default\">\n\t\t\t\t\t<div class=\"elementor-column elementor-col-100 elementor-top-column elementor-element elementor-element-d21973a\" data-id=\"d21973a\" data-element_type=\"column\" data-e-type=\"column\">\n\t\t\t<div class=\"elementor-widget-wrap elementor-element-populated\">\n\t\t\t\t\t\t<div class=\"elementor-element elementor-element-fd2efc9 elementor-widget elementor-widget-image\" data-id=\"fd2efc9\" data-element_type=\"widget\" data-e-type=\"widget\" data-widget_type=\"image.default\">\n\t\t\t\t<div class=\"elementor-widget-container\">\n\t\t\t\t\t\t\t\t\t\t\t\t\t\t\t<img fetchpriority=\"high\" decoding=\"async\" width=\"604\" height=\"805\" src=\"https:\/\/www.chironetfils.fr\/wp-content\/uploads\/2024\/10\/salade-rigation-gorgonzola-noix-figue-catherine-cochet-768x1024.jpg\" class=\"attachment-large size-large wp-image-1070\" alt=\"\" srcset=\"https:\/\/www.chironetfils.fr\/wp-content\/uploads\/2024\/10\/salade-rigation-gorgonzola-noix-figue-catherine-cochet-768x1024.jpg 768w, https:\/\/www.chironetfils.fr\/wp-content\/uploads\/2024\/10\/salade-rigation-gorgonzola-noix-figue-catherine-cochet-225x300.jpg 225w, https:\/\/www.chironetfils.fr\/wp-content\/uploads\/2024\/10\/salade-rigation-gorgonzola-noix-figue-catherine-cochet-1152x1536.jpg 1152w, https:\/\/www.chironetfils.fr\/wp-content\/uploads\/2024\/10\/salade-rigation-gorgonzola-noix-figue-catherine-cochet-600x800.jpg 600w, https:\/\/www.chironetfils.fr\/wp-content\/uploads\/2024\/10\/salade-rigation-gorgonzola-noix-figue-catherine-cochet.jpg 1536w\" sizes=\"(max-width: 604px) 100vw, 604px\" \/>\t\t\t\t\t\t\t\t\t\t\t\t\t\t\t<\/div>\n\t\t\t\t<\/div>\n\t\t\t\t\t<\/div>\n\t\t<\/div>\n\t\t\t\t\t<\/div>\n\t\t<\/section>\n\t\t\t\t<section class=\"elementor-section elementor-top-section elementor-element elementor-element-9404357 elementor-section-boxed elementor-section-height-default elementor-section-height-default\" data-id=\"9404357\" data-element_type=\"section\" data-e-type=\"section\">\n\t\t\t\t\t\t<div class=\"elementor-container elementor-column-gap-default\">\n\t\t\t\t\t<div class=\"elementor-column elementor-col-100 elementor-top-column elementor-element elementor-element-9856c8b\" data-id=\"9856c8b\" data-element_type=\"column\" data-e-type=\"column\">\n\t\t\t<div class=\"elementor-widget-wrap elementor-element-populated\">\n\t\t\t\t\t\t<div class=\"elementor-element elementor-element-ad8acf5 elementor-widget elementor-widget-text-editor\" data-id=\"ad8acf5\" data-element_type=\"widget\" data-e-type=\"widget\" data-widget_type=\"text-editor.default\">\n\t\t\t\t<div class=\"elementor-widget-container\">\n\t\t\t\t\t\t\t\t\t<p>Pr\u00e9paration 15 minutes, temps de cuisson des p\u00e2tes 5 minutes<\/p><p>\u00a0<\/p><p>Pour 4 personnes\u00a0:<\/p><ul><li>250 gr de rigaton<\/li><li>Une tranche de gorgonzola au mascarpone<\/li><li>Une Poire<\/li><li>2 figues<\/li><li>Une poign\u00e9e de noix fraiche de Grenoble<\/li><li>Une Vinaigrette \u00e0 la moutarde de noix et \u00e0 l\u2019huile de noix<\/li><li>Ciboulette, sel, poivre,<\/li><\/ul><p>\u00a0<\/p><p>Faire cuire les p\u00e2tes selon les instructions et les rafraichir sous l\u2019eau froide pour stopper la cuisson. Farcissez les Rigaton du fromage gorgonzola. Pour une pr\u00e9sentation bistronomique ficelez 7 rigaton farcis avec deux brins de ciboulette. Agr\u00e9mentez de tranche de poires; de figues et de noix.<\/p><p>Poivrez et ajoutez une filet d\u2019huile de noix pour faire briller vos poires.<\/p><p>Pr\u00e9parez une vinaigrette avec de la moutarde aux noix du Moulin de Chanaz, du vinaigre de cidre et de l\u2019huile de noix. Pr\u00e9sentez la vinaigrette s\u00e9par\u00e9ment.<\/p><p>Pour une pr\u00e9sentation familiale, laissez court \u00e0 votre imagination\u2026 quand c\u2019est bon c\u2019est toujours beau\u00a0!<\/p>\t\t\t\t\t\t\t\t<\/div>\n\t\t\t\t<\/div>\n\t\t\t\t\t<\/div>\n\t\t<\/div>\n\t\t\t\t\t<\/div>\n\t\t<\/section>\n\t\t\t\t<\/div>\n\t\t","protected":false},"excerpt":{"rendered":"<p>Pr\u00e9paration 15 minutes, temps de cuisson des p\u00e2tes 5 minutes \u00a0 Pour 4 personnes\u00a0: 250 gr de rigaton Une tranche de gorgonzola au mascarpone Une Poire 2 figues Une poign\u00e9e de noix<\/p>\n<a class=\"moretag noptoppad\" href=\"https:\/\/www.chironetfils.fr\/index.php\/nos-recettes\/salade-de-rigaton-au-gorgonzola-poires-figues-et-noix\/\">Read More...<\/a>","protected":false},"author":3,"featured_media":0,"parent":440,"menu_order":0,"comment_status":"closed","ping_status":"closed","template":"","meta":{"footnotes":""},"class_list":["post-1068","page","type-page","status-publish","hentry"],"_links":{"self":[{"href":"https:\/\/www.chironetfils.fr\/index.php\/wp-json\/wp\/v2\/pages\/1068","targetHints":{"allow":["GET"]}}],"collection":[{"href":"https:\/\/www.chironetfils.fr\/index.php\/wp-json\/wp\/v2\/pages"}],"about":[{"href":"https:\/\/www.chironetfils.fr\/index.php\/wp-json\/wp\/v2\/types\/page"}],"author":[{"embeddable":true,"href":"https:\/\/www.chironetfils.fr\/index.php\/wp-json\/wp\/v2\/users\/3"}],"replies":[{"embeddable":true,"href":"https:\/\/www.chironetfils.fr\/index.php\/wp-json\/wp\/v2\/comments?post=1068"}],"version-history":[{"count":4,"href":"https:\/\/www.chironetfils.fr\/index.php\/wp-json\/wp\/v2\/pages\/1068\/revisions"}],"predecessor-version":[{"id":1073,"href":"https:\/\/www.chironetfils.fr\/index.php\/wp-json\/wp\/v2\/pages\/1068\/revisions\/1073"}],"up":[{"embeddable":true,"href":"https:\/\/www.chironetfils.fr\/index.php\/wp-json\/wp\/v2\/pages\/440"}],"wp:attachment":[{"href":"https:\/\/www.chironetfils.fr\/index.php\/wp-json\/wp\/v2\/media?parent=1068"}],"curies":[{"name":"wp","href":"https:\/\/api.w.org\/{rel}","templated":true}]}}